 what is 26304 - 27?
262aa
In base 11, what is -5 - 7062?
-7067
In base 13, what is -9 - -84a21?
84a15
In base 2, what is -1011 - 10101010010110111?
-10101010011000010
In base 14, what is 4329 - 14?
4315
In base 5, what is -2 - -44313?
44311
In base 4, what is -121301 - 21?
-121322
In base 11, what is 1 + -8139a?
-81399
In base 12, what is 0 + -ab73?
-ab73
In base 10, what is 84 + 14208?
14292
In base 2, what is 101 + 101000101000100?
101000101001001
In base 11, what is -1590 + -16?
-15a6
In base 10, what is 58069 - 4?
58065
In base 4, what is -113 + 101101?
100322
In base 7, what is -12604 + 213?
-12361
In base 5, what is 321 - 1001?
-130
In base 6, what is -502034 + 21?
-502013
In base 5, what is 11023 + -2130?
3343
In base 11, what is 29 + -186a?
-1841
In base 8, what is -214715 + 1?
-214714
In base 5, what is -23421 + -24?
-24000
In base 13, what is -4c12 - -5?
-4c0a
In base 7, what is -5 - -110023?
110015
In base 4, what is -10 + -11222113?
-11222123
In base 8, what is 1435 + 450?
2105
In base 6, what is -24 - 1245?
-1313
In base 3, what is 2 - -221201110?
221201112
In base 9, what is -1 - -313032?
313031
In base 10, what is 2 + 64384?
64386
In base 13, what is -11 - 8820?
-8831
In base 14, what is 17 - -6d66?
6d7d
In base 7, what is 2 - -13425?
13430
In base 16, what is -fbb6 + -1?
-fbb7
In base 14, what is -13440 + 29?
-13415
In base 11, what is 46044 + -18?
46027
In base 8, what is -10 - -247?
237
In base 13, what is 213 + 32b?
541
In base 14, what is -a472 - 1c?
-a490
In base 13, what is -3106 - -8?
-30cb
In base 7, what is 1044 + 2106?
3153
In base 5, what is -1132124 + 20?
-1132104
In base 7, what is 2105 - 106?
1666
In base 5, what is -1200002 + 0?
-1200002
In base 8, what is -2741 - 2627?
-5570
In base 16, what is -2 + -4d89?
-4d8b
In base 14, what is 15b - 1025?
-ca8
In base 2, what is 100 + 10101001110001?
10101001110101
In base 10, what is -106 - -261?
155
In base 4, what is 1 + -13210013?
-13210012
In base 10, what is 1 - 94609?
-94608
In base 14, what is 26b1 - -41?
2712
In base 4, what is -231323 + 100023?
-131300
In base 6, what is -303234130 - 0?
-303234130
In base 10, what is -601 - -4535?
3934
In base 8, what is -127357 + -5?
-127364
In base 9, what is -3 - -517?
514
In base 13, what is -5 - 1657?
-165c
In base 16, what is 2367 + 2f2?
2659
In base 10, what is 5164 + -10?
5154
In base 4, what is -2310 + 121?
-2123
In base 16, what is -439d - 4?
-43a1
In base 6, what is -1254 - 33324?
-35022
In base 16, what is 7a52bb + -1?
7a52ba
In base 9, what is -16 + -22?
-38
In base 11, what is a1534 + -5?
a152a
In base 10, what is 62 - -1644?
1706
In base 16, what is ba300 - -5?
ba305
In base 8, what is 1 - -67330?
67331
In base 13, what is 8625 - 2?
8623
In base 10, what is -45 + 716?
671
In base 8, what is 14 + -4345?
-4331
In base 11, what is 7a + 476?
545
In base 4, what is 0 - 1323201?
-1323201
In base 10, what is 1388 + 134?
1522
In base 5, what is -2442202 + 0?
-2442202
In base 10, what is -27345 + 149?
-27196
In base 11, what is 24 + 3338?
3361
In base 4, what is 11301113 - 0?
11301113
In base 6, what is 103 - 130231?
-130124
In base 3, what is -1021222212111 - -12?
-1021222212022
In base 5, what is 44 - 32220?
-32121
In base 12, what is -3a + -14261?
-1429b
In base 6, what is -1010 - 451?
-1501
In base 9, what is -12 + 7744?
7732
In base 2, what is 100011111011 + -111?
100011110100
In base 3, what is -12 + 1011121001101?
1011121001012
In base 7, what is 42 + -22?
20
In base 4, what is 0 - -1112202?
1112202
In base 11, what is -3320 - 194?
-3504
In base 9, what is -631 + -18?
-650
In base 4, what is 121 + 303101?
303222
In base 15, what is 5 + 5a224?
5a229
In base 11, what is -3 - 10543?
-10546
In base 15, what is 85e8 + 4?
85ec
In base 13, what is 281932 + 5?
281937
In base 15, what is 4 - b00?
-aeb
In base 11, what is 402 - -5351?
5753
In base 2, what is 0 + 10110001101111100000?
10110001101111100000
In base 2, what is 0 - 1011100101011101?
-1011100101011101
In base 13, what is a - -aa54?
aa61
In base 12, what is 0 + 2b478?
2b478
In base 11, what is 5 + -24a?
-245
In base 10, what is 99 - -152?
251
In base 16, what is 2 - -ebb8?
ebba
In base 12, what is -a48 - 35?
-a81
In base 15, what is -b - -3521?
3515
In base 4, what is -112112 - -1?
-112111
In base 5, what is 24334113 + -3?
24334110
In base 8, what is 4 - -46013?
46017
In base 14, what is -3 - 9bc?
-9c1
In base 4, what is -2 + -1020201?
-1020203
In base 7, what is -6632 + 2?
-6630
In base 2, what is -100010100 - -1001000?
-11001100
In base 7, what is -5 - 1301443?
-1301451
In base 5, what is -2221213204 + 0?
-2221213204
In base 6, what is -14521213 + -3?
-14521220
In base 9, what is 77 + -1471?
-1383
In base 13, what is 0 + -b15b0?
-b15b0
In base 4, what is 202001 + -1332?
200003
In base 9, what is -1 - -104683?
104682
In base 8, what is -17 - -65?
46
In base 14, what is 4 - 2818b?
-28187
In base 10, what is 1794 + 227?
2021
In base 8, what is -1715272 - 7?
-1715301
In base 2, what is -110101010101 - -111010?
-110100011011
In base 16, what is -2a201 - 0?
-2a201
In base 3, what is 101012212 + -110?
101012102
In base 12, what is 2 - -7a9a?
7aa0
In base 4, what is -11 - 100230031?
-100230102
In base 9, what is -244366 - -2?
-244364
In base 2, what is -11 + 110110000000010001?
110110000000001110
In base 3, what is 111101 - -2121?
120222
In base 8, what is 170024 - 2?
170022
In base 11, what is 654 + -1159?
-605
In base 10, what is 54 - -65?
119
In base 16, what is -2b + 8d3?
8a8
In base 15, what is -635 - 32?
-667
In base 14, what is 32b - a24?
-6d7
In base 3, what is -110 - 12211100?
-12211210
In base 5, what is 13 + 1441030?
1441043
In base 2, what is -10000 + -10011010000?
-10011100000
In base 16, what is 78f + 8?
797
In base 15, what is 1 + 4eea?
4eeb
In base 12, what is -13 + 13a87?
13a74
In base 7, what is -1 - -1124336?
1124335
In base 5, what is -142 - 1330220?
-1330412
In base 12, what is -1423b6 - 7?
-142401
In base 3, what is 1200 + 101112?
110012
In base 15, what is -4e8b - 1?
-4e8c
In base 3, what is -2 - -20221112?
20221110
In base 5, what is -323400 + -213?
-324113
In base 5, what is 3 + 304420?
304423
In base 6, what is 104130 + -1?
104125
In base 4, what is 1000000312 - -1?
1000000313
In base 3, what is 22110111 - -22?
22110210
In base 2, what is -11000 + 100110001111?
100101110111
In base 8, what is -1565 + 633?
-732
In base 2, what is -10000000101 + -110110?
-10000111011
In base 3, what is -11 + 112212111200?
112212111112
In base 7, what is 0 - -154243?
154243
In base 16, what is -5 + -5d79?
-5d7e
In base 16, what is -1024 - -5?
-101f
In base 11, what is 90 + -11778?
-11698
In base 4, what is -10 - 313013302?
-313013312
In base 5, what is -3 - 4421013?
-4421021
In base 4, what is 220301122 + -10?
220301112
In base 6, what is 2 - -12452513?
12452515
In base 12, what is 1422b - 5?
14226
In base 7, what is 4115645 - -3?
4115651
In base 15, what is -124 + b2?
-62
In base 8, what is 13 - 1035301?
-1035266
In base 13, what is -8591b5 + -3?
-8591b8
In base 7, what is 3 + -32163?
-32160
In base 9, what is 0 + 112608?
112608
In base 15, what is -92c1 + 7?
-92b9
In base 12, what is 7517 - 5?
7512
In base 13, what is -229c + -41?
-2310
In base 4, what is 110 + 31303010?
31303120
In base 8, what is -65051 + -74?
-65145
In base 14, what is -c86 + 1a?
-c6a
In base 13, what is -235 - 25?
-25a
In base 8, what is -2421000 + -5?
-2421005
In base 7, what is 50 - -4061?
4141
In base 15, what is -1136a9 - -1?
-1136a8
In base 6, what is -12 - -20521441?
20521425
In base 14, what is 7c - -1279?
1317
In base 9, what is 1736 + 2?
1738
In base 10, what is -38527 - 2?
-38529
In base 10, what is -888 - -777?
-111
In base 5, what is -1034031200 - -2?
-1034031143
In base 5, what is -201030 + 21?
-201004
In base 2, what is -11000011101 - 1000101111?
-100001001100
In base 9, what is -4 - 1250566?
-1250571
In base 15, what is 6782 - 0?
6782
In base 2, what is -10 + -10011001101111?
-10011001110001
In base 11, what is -438 - -9?
-42a
In base 14, what is 3 - -20b6?
20b9
In base 5, what is 1003134 - -12?
1003201
In base 2, what is -101 - -10011001101010011?
10011001101001110
In base 9, what is 4 + -22174?
-22170
In base 6, what is -502053 - -3?
-502050
In base 2, what is 111 + -11010